{"id":2708,"date":"2025-06-25T16:21:50","date_gmt":"2025-06-25T14:21:50","guid":{"rendered":"https:\/\/mabro.bzh\/?page_id=2708"},"modified":"2025-06-25T16:21:50","modified_gmt":"2025-06-25T14:21:50","slug":"fragments","status":"publish","type":"page","link":"https:\/\/mabro.bzh\/","title":{"rendered":"Fragments"},"content":{"rendered":"\n<p>Je ne suis pas journaliste. Je ne suis pas sociologue. Je ne suis pas militant.<\/p>\n\n\n\n<p>Je suis un homme qui regarde. Qui \u00e9coute. Qui doute.<\/p>\n\n\n\n<p>J\u2019ai vu des visages. J\u2019ai vu des regards.<br>J\u2019ai pris des trains. J\u2019ai mang\u00e9 avec des inconnus. J\u2019ai serr\u00e9 des mains sales et lumineuses.<\/p>\n\n\n\n<p>Je vois autour de moi des gens que j\u2019aime basculer dans la peur.<br>Je vois des murs se lever, des regards se d\u00e9tourner.<\/p>\n\n\n\n<p>Alors j\u2019\u00e9cris.<br>Des fragments. Des doutes. Des col\u00e8res.<br>Des r\u00e9cits de ce que j\u2019ai vu, ce que j\u2019ai compris.<\/p>\n\n\n\n<p>Ce n\u2019est pas un combat. Ce n\u2019est pas un cours.<br>C\u2019est une tentative de rester humain.<\/p>\n\n\n\n<p>Si toi aussi tu doutes, tu t\u2019interroges, ou tu refuses de te fermer,<br>alors lis.<br>Ou \u00e9cris. Ou r\u00e9ponds.<\/p>\n","protected":false},"excerpt":{"rendered":"<p>Je ne suis pas journaliste. Je ne suis pas sociologue. Je ne suis pas militant. Je suis un homme qui regarde. Qui \u00e9coute. Qui doute. J\u2019ai vu des visages. J\u2019ai vu des regards.J\u2019ai pris des trains. J\u2019ai mang\u00e9 avec des inconnus. J\u2019ai serr\u00e9 des mains sales et lumineuses. Je vois autour de moi des gens [&hellip;]<\/p>\n","protected":false},"author":1,"featured_media":0,"parent":0,"menu_order":0,"comment_status":"closed","ping_status":"closed","template":"","meta":{"footnotes":""},"class_list":["post-2708","page","type-page","status-publish","hentry"],"_links":{"self":[{"href":"https:\/\/mabro.bzh\/index.php?rest_route=\/wp\/v2\/pages\/2708","targetHints":{"allow":["GET"]}}],"collection":[{"href":"https:\/\/mabro.bzh\/index.php?rest_route=\/wp\/v2\/pages"}],"about":[{"href":"https:\/\/mabro.bzh\/index.php?rest_route=\/wp\/v2\/types\/page"}],"author":[{"embeddable":true,"href":"https:\/\/mabro.bzh\/index.php?rest_route=\/wp\/v2\/users\/1"}],"replies":[{"embeddable":true,"href":"https:\/\/mabro.bzh\/index.php?rest_route=%2Fwp%2Fv2%2Fcomments&post=2708"}],"version-history":[{"count":1,"href":"https:\/\/mabro.bzh\/index.php?rest_route=\/wp\/v2\/pages\/2708\/revisions"}],"predecessor-version":[{"id":2709,"href":"https:\/\/mabro.bzh\/index.php?rest_route=\/wp\/v2\/pages\/2708\/revisions\/2709"}],"wp:attachment":[{"href":"https:\/\/mabro.bzh\/index.php?rest_route=%2Fwp%2Fv2%2Fmedia&parent=2708"}],"curies":[{"name":"wp","href":"https:\/\/api.w.org\/{rel}","templated":true}]}}